{"id":524,"date":"2024-04-08T23:19:56","date_gmt":"2024-04-08T20:19:56","guid":{"rendered":"https:\/\/bijuden.com\/?post_type=product&#038;p=524"},"modified":"2025-02-07T09:32:05","modified_gmt":"2025-02-07T06:32:05","slug":"donen-gul-taki-kutusu-kirmizi-2","status":"publish","type":"product","link":"https:\/\/bijuden.com\/index.php\/urun\/donen-gul-taki-kutusu-kirmizi-2\/","title":{"rendered":"D\u00f6nen G\u00fcl Tak\u0131 Kutusu (Sadece Kutu, TAKI YOK!)"},"content":{"rendered":"<p>Sadece Kutudur , TAKI YOK!<\/p>\n<p>1- Kapa\u011f\u0131 a\u00e7\u0131n<\/p>\n<p>2- \u00c7ark\u0131 \u00c7evirin<\/p>\n<p>3- Tataaa! \u0130\u015fte tak\u0131n\u0131z.<\/p>\n<p>Sevdi\u011finizi \u015fa\u015f\u0131rt\u0131n ve ona harika bir s\u00fcrpriz yap\u0131n.<\/p>\n<p>Sitemizden iste\u011finiz tak\u0131y\u0131 ve bu kutuyu sat\u0131n ald\u0131\u011f\u0131n\u0131zda tak\u0131 kutu i\u00e7ine konularak g\u00f6nderlir.<\/p>\n<p>Yada sadece kutu da alabilirsiniz.<\/p>\n","protected":false},"excerpt":{"rendered":"<p>Sadece Kutudur , TAKI YOK! 1- Kapa\u011f\u0131 a\u00e7\u0131n 2- \u00c7ark\u0131 \u00c7evirin 3- Tataaa! \u0130\u015fte tak\u0131n\u0131z. Sevdi\u011finizi \u015fa\u015f\u0131rt\u0131n ve ona harika bir s\u00fcrpriz yap\u0131n. Sitemizden iste\u011finiz tak\u0131y\u0131 ve bu kutuyu sat\u0131n ald\u0131\u011f\u0131n\u0131zda tak\u0131 kutu i\u00e7ine konularak g\u00f6nderlir. Yada sadece kutu da alabilirsiniz.<\/p>\n","protected":false},"featured_media":627,"comment_status":"open","ping_status":"closed","template":"","meta":{"_kad_post_transparent":"default","_kad_post_title":"","_kad_post_layout":"default","_kad_post_sidebar_id":"","_kad_post_content_style":"default","_kad_post_vertical_padding":"default","_kad_post_feature":"","_kad_post_feature_position":"","_kad_post_header":false,"_kad_post_footer":false},"product_brand":[],"product_cat":[21],"product_tag":[56,57],"class_list":{"0":"post-524","1":"product","2":"type-product","3":"status-publish","4":"has-post-thumbnail","6":"product_cat-kutular","7":"product_tag-seyahat-taki-kutusu","8":"product_tag-taki-kutusu","10":"first","11":"outofstock","12":"sale","13":"taxable","14":"shipping-taxable","15":"purchasable","16":"product-type-simple","17":"entry","18":"content-bg","19":"loop-entry"},"_links":{"self":[{"href":"https:\/\/bijuden.com\/index.php\/wp-json\/wp\/v2\/product\/524","targetHints":{"allow":["GET"]}}],"collection":[{"href":"https:\/\/bijuden.com\/index.php\/wp-json\/wp\/v2\/product"}],"about":[{"href":"https:\/\/bijuden.com\/index.php\/wp-json\/wp\/v2\/types\/product"}],"replies":[{"embeddable":true,"href":"https:\/\/bijuden.com\/index.php\/wp-json\/wp\/v2\/comments?post=524"}],"wp:featuredmedia":[{"embeddable":true,"href":"https:\/\/bijuden.com\/index.php\/wp-json\/wp\/v2\/media\/627"}],"wp:attachment":[{"href":"https:\/\/bijuden.com\/index.php\/wp-json\/wp\/v2\/media?parent=524"}],"wp:term":[{"taxonomy":"product_brand","embeddable":true,"href":"https:\/\/bijuden.com\/index.php\/wp-json\/wp\/v2\/product_brand?post=524"},{"taxonomy":"product_cat","embeddable":true,"href":"https:\/\/bijuden.com\/index.php\/wp-json\/wp\/v2\/product_cat?post=524"},{"taxonomy":"product_tag","embeddable":true,"href":"https:\/\/bijuden.com\/index.php\/wp-json\/wp\/v2\/product_tag?post=524"}],"curies":[{"name":"wp","href":"https:\/\/api.w.org\/{rel}","templated":true}]}}